{"id":674,"date":"2025-07-08T14:30:48","date_gmt":"2025-07-08T14:30:48","guid":{"rendered":"https:\/\/hieuanh.id.vn\/?page_id=674"},"modified":"2025-08-06T06:37:47","modified_gmt":"2025-08-06T06:37:47","slug":"lien-he","status":"publish","type":"page","link":"https:\/\/hieuanh.id.vn\/index.php\/lien-he\/","title":{"rendered":"Li\u00ean h\u1ec7"},"content":{"rendered":"\n\t<section class=\"section\" id=\"section_1590263129\">\n\t\t<div class=\"bg section-bg fill bg-fill  bg-loaded\" >\n\n\t\t\t\n\t\t\t\n\t\t\t\n\n\t\t<\/div>\n\n\t\t\n\n\t\t<div class=\"section-content relative\">\n\t\t\t\n\n<div class=\"row\"  id=\"row-1283744091\">\n\n\n\t<div id=\"col-563673501\" class=\"col medium-4 small-12 large-4\"  >\n\t\t\t\t<div class=\"col-inner\"  >\n\t\t\t\n\t<div class=\"is-border\"\n\t\tstyle=\"border-width:0px 1px 0px 0px;\">\n\t<\/div>\n\t\t\t\n\n<div class=\"row\"  id=\"row-993908244\">\n\n\n\t<div id=\"col-448834665\" class=\"col small-12 large-12\"  >\n\t\t\t\t<div class=\"col-inner\"  >\n\t\t\t\n\t\t\t\n\n<p><span style=\"font-size: 150%; color: #282828;\">Li\u00ean h\u1ec7 c\u00e0ng s\u1edbm &#8211; Gi\u00e1 c\u00e0ng r\u1ebb<\/span><\/p>\n\t<div class=\"img has-hover x md-x lg-x y md-y lg-y\" id=\"image_229319544\">\n\t\t\t\t\t\t\t\t<div class=\"img-inner dark\" >\n\t\t\t<img decoding=\"async\" width=\"305\" height=\"83\" src=\"https:\/\/hieuanh.id.vn\/wp-content\/uploads\/2025\/07\/contact-2-copy.png\" class=\"attachment-large size-large\" alt=\"\" srcset=\"https:\/\/hieuanh.id.vn\/wp-content\/uploads\/2025\/07\/contact-2-copy.png 305w, https:\/\/hieuanh.id.vn\/wp-content\/uploads\/2025\/07\/contact-2-copy-300x83.png 300w\" sizes=\"(max-width: 305px) 100vw, 305px\" \/>\t\t\t\t\t\t\n\t\t\t\t\t<\/div>\n\t\t\t\t\t\t\t\t\n<style>\n#image_229319544 {\n  width: 100%;\n}\n<\/style>\n\t<\/div>\n\t\n\n\n\n\n<div class=\"wpcf7 no-js\" id=\"wpcf7-f640-o1\" lang=\"vi\" dir=\"ltr\" data-wpcf7-id=\"640\">\n<div class=\"screen-reader-response\"><p role=\"status\" aria-live=\"polite\" aria-atomic=\"true\"><\/p> <ul><\/ul><\/div>\n<form action=\"\/index.php\/wp-json\/wp\/v2\/pages\/674#wpcf7-f640-o1\" method=\"post\" class=\"wpcf7-form init\" aria-label=\"Form li\u00ean h\u1ec7\" novalidate=\"novalidate\" data-status=\"init\">\n<fieldset class=\"hidden-fields-container\"><input type=\"hidden\" name=\"_wpcf7\" value=\"640\" \/><input type=\"hidden\" name=\"_wpcf7_version\" value=\"6.1\" \/><input type=\"hidden\" name=\"_wpcf7_locale\" value=\"vi\" \/><input type=\"hidden\" name=\"_wpcf7_unit_tag\" value=\"wpcf7-f640-o1\" \/><input type=\"hidden\" name=\"_wpcf7_container_post\" value=\"0\" \/><input type=\"hidden\" name=\"_wpcf7_posted_data_hash\" value=\"\" \/>\n<\/fieldset>\n<p>Ho\u1eb7c \u0111\u1ec3 l\u1ea1i s\u1ed1 \u0111i\u1ec7n tho\u1ea1i, ch\u00fang t\u00f4i s\u1ebd g\u1ecdi l\u1ea1i cho b\u1ea1n sau \u00edt ph\u00fat!\n<\/p>\n<p><label> S\u1ed1 \u0111i\u1ec7n tho\u1ea1i c\u1ee7a b\u1ea1n:<br \/>\n<span class=\"wpcf7-form-control-wrap\" data-name=\"so-dien-thoai\"><input size=\"40\" maxlength=\"400\" class=\"wpcf7-form-control wpcf7-tel wpcf7-validates-as-required wpcf7-text wpcf7-validates-as-tel\" aria-required=\"true\" aria-invalid=\"false\" placeholder=\"S\u1ed1 \u0111i\u1ec7n tho\u1ea1i c\u1ee7a t\u00f4i l\u00e0\" value=\"\" type=\"tel\" name=\"so-dien-thoai\" \/><\/span><br \/>\n<\/label>\n<\/p><div class=\"wpcf7-response-output\" aria-hidden=\"true\"><\/div>\n<\/form>\n<\/div>\n\n\n<a class=\"button secondary expand orange-button\"  style=\"padding:0px 0px 0px 0px;\">\n    <span>Y\u00eau c\u1ea7u g\u1ecdi l\u1ea1i<\/span>\n  <\/a>\n\n\n\n\t\t<\/div>\n\t\t\t\t\t<\/div>\n\n\t\n\n<\/div>\n<div class=\"row\"  id=\"row-164807498\">\n\n\n\t<div id=\"col-1755960175\" class=\"col small-12 large-12\"  >\n\t\t\t\t<div class=\"col-inner\"  >\n\t\t\t\n\t\t\t\n\n<div class=\"container section-title-container\" ><h3 class=\"section-title section-title-normal\"><b><\/b><span class=\"section-title-main\" >TOUR - Kh\u00e1ch s\u1ea1n hot<\/span><b><\/b><\/h3><\/div>\n\n<div class=\"row\"  id=\"row-1300738597\">\n\n\n\t<div id=\"col-642964425\" class=\"col medium-4 small-12 large-4\"  >\n\t\t\t\t<div class=\"col-inner\"  >\n\t\t\t\n\t\t\t\n\n\t<div class=\"img has-hover x md-x lg-x y md-y lg-y\" id=\"image_1596613651\">\n\t\t<a class=\"\" href=\"https:\/\/hieuanh.id.vn\/index.php\/tour-nha-trang-4-ngay-3-dem\/\" >\t\t\t\t\t\t<div class=\"img-inner dark\" >\n\t\t\t<img fetchpriority=\"high\" decoding=\"async\" width=\"247\" height=\"296\" src=\"https:\/\/hieuanh.id.vn\/wp-content\/uploads\/2025\/07\/Viet_Dung-184602034655-nha-trang-247x296-2.jpg\" class=\"attachment-large size-large\" alt=\"\" \/>\t\t\t\t\t\t\n\t\t\t\t\t<\/div>\n\t\t\t\t\t\t<\/a>\t\t\n<style>\n#image_1596613651 {\n  width: 100%;\n}\n<\/style>\n\t<\/div>\n\t\n\n\n\t\t<\/div>\n\t\t\t\t\t<\/div>\n\n\t\n\n\t<div id=\"col-857486433\" class=\"col medium-8 small-12 large-8\"  >\n\t\t\t\t<div class=\"col-inner\"  >\n\t\t\t\n\t<div class=\"is-border\"\n\t\tstyle=\"border-width:0px 0px 1px 0px;\">\n\t<\/div>\n\t\t\t\n\n<p><a href=\"https:\/\/hieuanh.id.vn\/index.php\/tour-nha-trang-4-ngay-3-dem\/\"><span style=\"font-size: 100%; color: #282828;\">Tour Nha Trang 4 ng\u00e0y 3 \u0111\u00eam<\/span><\/a><\/p>\n<p>\u00a0<\/p>\n<p><span style=\"font-size: 100%;\"><strong><span style=\"color: #33cccc;\">3,700,000 \u0111<\/span><\/strong><\/span><\/p>\n\n\t\t<\/div>\n\t\t\t\t\t<\/div>\n\n\t\n\n<\/div>\n<div class=\"row\"  id=\"row-358625554\">\n\n\n\t<div id=\"col-600045910\" class=\"col medium-4 small-12 large-4\"  >\n\t\t\t\t<div class=\"col-inner\"  >\n\t\t\t\n\t\t\t\n\n\t<div class=\"img has-hover x md-x lg-x y md-y lg-y\" id=\"image_1815965985\">\n\t\t<a class=\"\" href=\"https:\/\/hieuanh.id.vn\/index.php\/tour-da-nang-hoi-3n2d\/\" >\t\t\t\t\t\t<div class=\"img-inner dark\" >\n\t\t\t<img decoding=\"async\" width=\"247\" height=\"296\" src=\"https:\/\/hieuanh.id.vn\/wp-content\/uploads\/2025\/07\/kinh-nghiem-du-lich-trang-mat-o-da-nang-247x296-1.png\" class=\"attachment-large size-large\" alt=\"\" \/>\t\t\t\t\t\t\n\t\t\t\t\t<\/div>\n\t\t\t\t\t\t<\/a>\t\t\n<style>\n#image_1815965985 {\n  width: 100%;\n}\n<\/style>\n\t<\/div>\n\t\n\n\n\t\t<\/div>\n\t\t\t\t\t<\/div>\n\n\t\n\n\t<div id=\"col-1068142829\" class=\"col medium-8 small-12 large-8\"  >\n\t\t\t\t<div class=\"col-inner\"  >\n\t\t\t\n\t<div class=\"is-border\"\n\t\tstyle=\"border-width:0px 0px 1px 0px;\">\n\t<\/div>\n\t\t\t\n\n<p><a href=\"https:\/\/hieuanh.id.vn\/index.php\/tour-da-nang-hoi-3n2d\/\"><span style=\"font-size: 100%; color: #282828;\">Tour \u0110\u00e0 N\u1eb5ng &#8211;\u00a0 H\u1ed9i An 3N2\u0110<\/span><\/a><\/p>\n<p>\u00a0<\/p>\n<p><span style=\"color: #33cccc; font-size: 100%;\">5,200,000 \u0111<\/span><\/p>\n\n\t\t<\/div>\n\t\t\t\t\t<\/div>\n\n\t\n\n<\/div>\n<div class=\"row\"  id=\"row-234293951\">\n\n\n\t<div id=\"col-1623921752\" class=\"col medium-4 small-12 large-4\"  >\n\t\t\t\t<div class=\"col-inner\"  >\n\t\t\t\n\t\t\t\n\n\t<div class=\"img has-hover x md-x lg-x y md-y lg-y\" id=\"image_1796449630\">\n\t\t<a class=\"\" href=\"https:\/\/hieuanh.id.vn\/index.php\/tour-hanquoc\/\" >\t\t\t\t\t\t<div class=\"img-inner dark\" >\n\t\t\t<img loading=\"lazy\" decoding=\"async\" width=\"247\" height=\"296\" src=\"https:\/\/hieuanh.id.vn\/wp-content\/uploads\/2025\/07\/congvao-247x296-1.jpg\" class=\"attachment-large size-large\" alt=\"\" \/>\t\t\t\t\t\t\n\t\t\t\t\t<\/div>\n\t\t\t\t\t\t<\/a>\t\t\n<style>\n#image_1796449630 {\n  width: 100%;\n}\n<\/style>\n\t<\/div>\n\t\n\n\n\t\t<\/div>\n\t\t\t\t\t<\/div>\n\n\t\n\n\t<div id=\"col-821517857\" class=\"col medium-8 small-12 large-8\"  >\n\t\t\t\t<div class=\"col-inner\"  >\n\t\t\t\n\t<div class=\"is-border\"\n\t\tstyle=\"border-width:0px 0px 1px 0px;\">\n\t<\/div>\n\t\t\t\n\n<p><a href=\"https:\/\/hieuanh.id.vn\/index.php\/tour-hanquoc\/\"><span style=\"font-size: 100%; color: #282828;\">Tour du l\u1ecbch H\u00e0n Qu\u1ed1c 6N5\u0110<\/span><\/a><\/p>\n<p>\u00a0<\/p>\n<p><span style=\"color: #33cccc; font-size: 100%;\">6,500,000 \u0111<\/span><\/p>\n\n\t\t<\/div>\n\t\t\t\t\t<\/div>\n\n\t\n\n<\/div>\n<div class=\"row\"  id=\"row-802377403\">\n\n\n\t<div id=\"col-219470418\" class=\"col medium-4 small-12 large-4\"  >\n\t\t\t\t<div class=\"col-inner\"  >\n\t\t\t\n\t\t\t\n\n\t<div class=\"img has-hover x md-x lg-x y md-y lg-y\" id=\"image_1821428778\">\n\t\t<a class=\"\" href=\"https:\/\/hieuanh.id.vn\/index.php\/tour-ha-giang-5-ngay-4-dem\/\" >\t\t\t\t\t\t<div class=\"img-inner dark\" >\n\t\t\t<img loading=\"lazy\" decoding=\"async\" width=\"247\" height=\"296\" src=\"https:\/\/hieuanh.id.vn\/wp-content\/uploads\/2025\/07\/Sapa4-2-247x296-1.jpg\" class=\"attachment-large size-large\" alt=\"\" \/>\t\t\t\t\t\t\n\t\t\t\t\t<\/div>\n\t\t\t\t\t\t<\/a>\t\t\n<style>\n#image_1821428778 {\n  width: 100%;\n}\n<\/style>\n\t<\/div>\n\t\n\n\n\t\t<\/div>\n\t\t\t\t\t<\/div>\n\n\t\n\n\t<div id=\"col-123451004\" class=\"col medium-8 small-12 large-8\"  >\n\t\t\t\t<div class=\"col-inner\"  >\n\t\t\t\n\t<div class=\"is-border\"\n\t\tstyle=\"border-width:0px 0px 1px 0px;\">\n\t<\/div>\n\t\t\t\n\n<p><a href=\"https:\/\/hieuanh.id.vn\/index.php\/tour-ha-giang-5-ngay-4-dem\/\"><span style=\"font-size: 100%; color: #282828;\">Tour H\u00e0 GIang 5 ng\u00e0y 4 \u0111\u00eam<\/span><\/a><\/p>\n<p><span style=\"color: #33cccc;\"><del>5,200,000 \u0111<\/del><\/span><\/p>\n<p><span style=\"color: #33cccc;\">4,000,000 \u0111<\/span><\/p>\n\n\t\t<\/div>\n\t\t\t\t\t<\/div>\n\n\t\n\n<\/div>\n<div class=\"row\"  id=\"row-2131410517\">\n\n\n\t<div id=\"col-1785255453\" class=\"col medium-4 small-12 large-4\"  >\n\t\t\t\t<div class=\"col-inner\"  >\n\t\t\t\n\t\t\t\n\n\t<div class=\"img has-hover x md-x lg-x y md-y lg-y\" id=\"image_858067349\">\n\t\t<a class=\"\" href=\"https:\/\/hieuanh.id.vn\/index.php\/tour-ninh-binh-3-ngay-2-dem\/\" >\t\t\t\t\t\t<div class=\"img-inner dark\" >\n\t\t\t<img loading=\"lazy\" decoding=\"async\" width=\"247\" height=\"296\" src=\"https:\/\/hieuanh.id.vn\/wp-content\/uploads\/2025\/07\/ninh-binh-247x296-1.jpg\" class=\"attachment-large size-large\" alt=\"\" \/>\t\t\t\t\t\t\n\t\t\t\t\t<\/div>\n\t\t\t\t\t\t<\/a>\t\t\n<style>\n#image_858067349 {\n  width: 100%;\n}\n<\/style>\n\t<\/div>\n\t\n\n\n\t\t<\/div>\n\t\t\t\t\t<\/div>\n\n\t\n\n\t<div id=\"col-2001971827\" class=\"col medium-8 small-12 large-8\"  >\n\t\t\t\t<div class=\"col-inner\"  >\n\t\t\t\n\t\t\t\n\n<p><a href=\"https:\/\/hieuanh.id.vn\/index.php\/tour-ninh-binh-3-ngay-2-dem\/\">Tour Ninh Binh 3 ng\u00e0y 2 \u0111\u00eam<\/a><\/p>\n<p><span style=\"color: #33cccc;\"><del>4,200,000 \u0111<\/del><\/span><\/p>\n<p><span style=\"color: #33cccc;\">3,000,000 \u0111<\/span><\/p>\n\n\t\t<\/div>\n\t\t\t\t\t<\/div>\n\n\t\n\n<\/div>\n<div class=\"container section-title-container\" ><h3 class=\"section-title section-title-normal\"><b><\/b><span class=\"section-title-main\" >b\u00e0i vi\u1ebft m\u1edbi<\/span><b><\/b><\/h3><\/div>\n\n<div class=\"row\"  id=\"row-2060925574\">\n\n\n\t<div id=\"col-989336802\" class=\"col medium-4 small-12 large-4\"  >\n\t\t\t\t<div class=\"col-inner\"  >\n\t\t\t\n\t\t\t\n\n\t<div class=\"img has-hover x md-x lg-x y md-y lg-y\" id=\"image_1407985197\">\n\t\t<a class=\"\" href=\"https:\/\/hieuanh.id.vn\/index.php\/kinh-nghiem-phuot-tay-bac-mua-dong\/\" >\t\t\t\t\t\t<div class=\"img-inner dark\" >\n\t\t\t<img loading=\"lazy\" decoding=\"async\" width=\"720\" height=\"480\" src=\"https:\/\/hieuanh.id.vn\/wp-content\/uploads\/2025\/07\/khung-canh-nha-tho-da-sapa.jpg\" class=\"attachment-large size-large\" alt=\"\" srcset=\"https:\/\/hieuanh.id.vn\/wp-content\/uploads\/2025\/07\/khung-canh-nha-tho-da-sapa.jpg 720w, https:\/\/hieuanh.id.vn\/wp-content\/uploads\/2025\/07\/khung-canh-nha-tho-da-sapa-600x400.jpg 600w\" sizes=\"(max-width: 720px) 100vw, 720px\" \/>\t\t\t\t\t\t\n\t\t\t\t\t<\/div>\n\t\t\t\t\t\t<\/a>\t\t\n<style>\n#image_1407985197 {\n  width: 100%;\n}\n<\/style>\n\t<\/div>\n\t\n\n\n\t\t<\/div>\n\t\t\t\t\t<\/div>\n\n\t\n\n\t<div id=\"col-275317964\" class=\"col medium-8 small-12 large-8\"  >\n\t\t\t\t<div class=\"col-inner\"  >\n\t\t\t\n\t<div class=\"is-border\"\n\t\tstyle=\"border-width:0px 0px 1px 0px;\">\n\t<\/div>\n\t\t\t\n\n<p><a href=\"https:\/\/hieuanh.id.vn\/index.php\/kinh-nghiem-phuot-tay-bac-mua-dong\/\"><span style=\"color: #282828;\">Kinh nghi\u1ec7m ph\u01b0\u1ee3t T\u00e2y B\u1eafc m\u00f9a \u0110\u00f4ng<\/span><\/a><\/p>\n<p>\u00a0<\/p>\n\n\t\t<\/div>\n\t\t\t\t\t<\/div>\n\n\t\n\n<\/div>\n<div class=\"row\"  id=\"row-385569172\">\n\n\n\t<div id=\"col-2013832619\" class=\"col medium-4 small-12 large-4\"  >\n\t\t\t\t<div class=\"col-inner\"  >\n\t\t\t\n\t\t\t\n\n\t<div class=\"img has-hover x md-x lg-x y md-y lg-y\" id=\"image_613115323\">\n\t\t<a class=\"\" href=\"https:\/\/hieuanh.id.vn\/index.php\/kinh-nghiem-checking-da-lat-mua-dong\/\" >\t\t\t\t\t\t<div class=\"img-inner dark\" >\n\t\t\t<img loading=\"lazy\" decoding=\"async\" width=\"768\" height=\"516\" src=\"https:\/\/hieuanh.id.vn\/wp-content\/uploads\/2025\/07\/du-licca3ch-da-lacca3t-dung-quen-ghe-check-in-doi-che-cau-dat-149-768x516-1.jpg\" class=\"attachment-large size-large\" alt=\"\" srcset=\"https:\/\/hieuanh.id.vn\/wp-content\/uploads\/2025\/07\/du-licca3ch-da-lacca3t-dung-quen-ghe-check-in-doi-che-cau-dat-149-768x516-1.jpg 768w, https:\/\/hieuanh.id.vn\/wp-content\/uploads\/2025\/07\/du-licca3ch-da-lacca3t-dung-quen-ghe-check-in-doi-che-cau-dat-149-768x516-1-600x403.jpg 600w\" sizes=\"(max-width: 768px) 100vw, 768px\" \/>\t\t\t\t\t\t\n\t\t\t\t\t<\/div>\n\t\t\t\t\t\t<\/a>\t\t\n<style>\n#image_613115323 {\n  width: 100%;\n}\n<\/style>\n\t<\/div>\n\t\n\n\n\t\t<\/div>\n\t\t\t\t\t<\/div>\n\n\t\n\n\t<div id=\"col-257131023\" class=\"col medium-8 small-12 large-8\"  >\n\t\t\t\t<div class=\"col-inner\"  >\n\t\t\t\n\t<div class=\"is-border\"\n\t\tstyle=\"border-width:0px 0px 1px 0px;\">\n\t<\/div>\n\t\t\t\n\n<p><a href=\"https:\/\/hieuanh.id.vn\/index.php\/kinh-nghiem-checking-da-lat-mua-dong\/\"><span style=\"color: #282828;\">Kinh nghi\u1ec7m checking \u0110\u00e0 L\u1ea1t m\u00f9a \u0110\u00f4ng<\/span><\/a><\/p>\n<p>\u00a0<\/p>\n\n\t\t<\/div>\n\t\t\t\t\t<\/div>\n\n\t\n\n<\/div>\n<div class=\"row\"  id=\"row-1839488602\">\n\n\n\t<div id=\"col-1501324353\" class=\"col medium-4 small-12 large-4\"  >\n\t\t\t\t<div class=\"col-inner\"  >\n\t\t\t\n\t\t\t\n\n\t<div class=\"img has-hover x md-x lg-x y md-y lg-y\" id=\"image_923118478\">\n\t\t<a class=\"\" href=\"https:\/\/hieuanh.id.vn\/index.php\/kinh-nghiem-du-lich-tu-tuc-sapa-3-ngay-2-dem\/\" >\t\t\t\t\t\t<div class=\"img-inner dark\" >\n\t\t\t<img loading=\"lazy\" decoding=\"async\" width=\"300\" height=\"225\" src=\"https:\/\/hieuanh.id.vn\/wp-content\/uploads\/2025\/07\/du-licca3ch-da-lacca3t-dung-quen-ghe-check-in-doi-che-cau-dat-149-2.jpg\" class=\"attachment-large size-large\" alt=\"\" \/>\t\t\t\t\t\t\n\t\t\t\t\t<\/div>\n\t\t\t\t\t\t<\/a>\t\t\n<style>\n#image_923118478 {\n  width: 100%;\n}\n<\/style>\n\t<\/div>\n\t\n\n\n\t\t<\/div>\n\t\t\t\t\t<\/div>\n\n\t\n\n\t<div id=\"col-988189083\" class=\"col medium-8 small-12 large-8\"  >\n\t\t\t\t<div class=\"col-inner\"  >\n\t\t\t\n\t<div class=\"is-border\"\n\t\tstyle=\"border-width:0px 0px 1px 0px;\">\n\t<\/div>\n\t\t\t\n\n<p><a href=\"https:\/\/hieuanh.id.vn\/index.php\/kinh-nghiem-du-lich-tu-tuc-sapa-3-ngay-2-dem\/\"><span style=\"color: #282828;\">Kinh nghi\u1ec7m du l\u1ecbch t\u1ef1 t\u00fac Sapa 3 ng\u00e0y 2 \u0111\u00eam<\/span><\/a><\/p>\n<p>\u00a0<\/p>\n\n\t\t<\/div>\n\t\t\t\t\t<\/div>\n\n\t\n\n<\/div>\n<div class=\"row\"  id=\"row-940704053\">\n\n\n\t<div id=\"col-1541698366\" class=\"col medium-4 small-12 large-4\"  >\n\t\t\t\t<div class=\"col-inner\"  >\n\t\t\t\n\t\t\t\n\n\t<div class=\"img has-hover x md-x lg-x y md-y lg-y\" id=\"image_1126227714\">\n\t\t<a class=\"\" href=\"https:\/\/hieuanh.id.vn\/index.php\/kinh-nghiem-du-lich-luang\/\" >\t\t\t\t\t\t<div class=\"img-inner dark\" >\n\t\t\t<img loading=\"lazy\" decoding=\"async\" width=\"999\" height=\"608\" src=\"https:\/\/hieuanh.id.vn\/wp-content\/uploads\/2025\/07\/xin-chao-161-2.jpg\" class=\"attachment-large size-large\" alt=\"\" srcset=\"https:\/\/hieuanh.id.vn\/wp-content\/uploads\/2025\/07\/xin-chao-161-2.jpg 999w, https:\/\/hieuanh.id.vn\/wp-content\/uploads\/2025\/07\/xin-chao-161-2-600x365.jpg 600w\" sizes=\"(max-width: 999px) 100vw, 999px\" \/>\t\t\t\t\t\t\n\t\t\t\t\t<\/div>\n\t\t\t\t\t\t<\/a>\t\t\n<style>\n#image_1126227714 {\n  width: 100%;\n}\n<\/style>\n\t<\/div>\n\t\n\n\n\t\t<\/div>\n\t\t\t\t\t<\/div>\n\n\t\n\n\t<div id=\"col-1469570154\" class=\"col medium-8 small-12 large-8\"  >\n\t\t\t\t<div class=\"col-inner\"  >\n\t\t\t\n\t<div class=\"is-border\"\n\t\tstyle=\"border-width:0px 0px 1px 0px;\">\n\t<\/div>\n\t\t\t\n\n<p><a href=\"https:\/\/hieuanh.id.vn\/index.php\/kinh-nghiem-du-lich-luang\/\"><span style=\"color: #282828;\">Chia s\u1ebb kinh nghi\u1ec7m du l\u1ecbch Luang Prabang t\u1ef1 t\u00fac<\/span><\/a><\/p>\n<p>\u00a0<\/p>\n\n\t\t<\/div>\n\t\t\t\t\t<\/div>\n\n\t\n\n<\/div>\n<div class=\"row\"  id=\"row-762928486\">\n\n\n\t<div id=\"col-202375728\" class=\"col medium-4 small-12 large-4\"  >\n\t\t\t\t<div class=\"col-inner\"  >\n\t\t\t\n\t\t\t\n\n\t<div class=\"img has-hover x md-x lg-x y md-y lg-y\" id=\"image_1238858368\">\n\t\t<a class=\"\" href=\"https:\/\/hieuanh.id.vn\/index.php\/doi-che-caudat\/\" >\t\t\t\t\t\t<div class=\"img-inner dark\" >\n\t\t\t<img loading=\"lazy\" decoding=\"async\" width=\"280\" height=\"225\" src=\"https:\/\/hieuanh.id.vn\/wp-content\/uploads\/2025\/07\/du-licca3ch-da-lacca3t-dung-quen-ghe-check-in-doi-che-cau-dat-149-5-280x225-1.jpg\" class=\"attachment-large size-large\" alt=\"\" \/>\t\t\t\t\t\t\n\t\t\t\t\t<\/div>\n\t\t\t\t\t\t<\/a>\t\t\n<style>\n#image_1238858368 {\n  width: 100%;\n}\n<\/style>\n\t<\/div>\n\t\n\n\n\t\t<\/div>\n\t\t\t\t\t<\/div>\n\n\t\n\n\t<div id=\"col-358321236\" class=\"col medium-8 small-12 large-8\"  >\n\t\t\t\t<div class=\"col-inner\"  >\n\t\t\t\n\t\t\t\n\n<p><a href=\"https:\/\/hieuanh.id.vn\/index.php\/doi-che-caudat\/\"><span style=\"color: #282828;\">Du l\u1ecbch \u0110\u00e0 L\u1ea1t &#8211; \u0111\u1eebng qu\u00ean gh\u00e9\u00a0 &#8220;check-in&#8221; \u0111\u1ed3i ch\u00e8 C\u1ea7u \u0110\u1ea5t<\/span><\/a><\/p>\n\n\t\t<\/div>\n\t\t\t\t\t<\/div>\n\n\t\n\n<\/div>\n\n\t\t<\/div>\n\t\t\t\t\t<\/div>\n\n\t\n\n<\/div>\n\n\t\t<\/div>\n\t\t\t\t\n<style>\n#col-563673501 > .col-inner {\n  padding: 0px 0px 0px 0px;\n}\n@media (min-width:550px) {\n  #col-563673501 > .col-inner {\n    padding: 0px 0px 0px 200px;\n  }\n}\n<\/style>\n\t<\/div>\n\n\t\n\n\t<div id=\"col-1041778367\" class=\"col medium-8 small-12 large-8\"  >\n\t\t\t\t<div class=\"col-inner\"  >\n\t\t\t\n\t\t\t\n\n<div class=\"row\"  id=\"row-932673421\">\n\n\n\t<div id=\"col-1118329380\" class=\"col medium-6 small-12 large-6\"  >\n\t\t\t\t<div class=\"col-inner\"  >\n\t\t\t\n\t\t\t\n\n<h3><span style=\"font-size: 150%; color: #282828;\">\u00a0C\u00f4ng ty Du L\u1ecbch 365<\/span><\/h3>\n<p><span style=\"font-size: 150%; color: #282828;\">V\u0103n ph\u00f2ng t\u1ea1i H\u00e0 N\u1ed9i<\/span><\/p>\n<p><span style=\"font-size: 150%; color: #282828;\"><img loading=\"lazy\" decoding=\"async\" class=\"alignnone wp-image-723\" src=\"http:\/\/hieuanh.id.vn\/wp-content\/uploads\/2025\/07\/Screenshot-2025-07-09-002133.png\" alt=\"\" width=\"19\" height=\"25\" \/> Ph\u1ea1m V\u0103n B\u1ea1ch, P.15, Q.T\u00e2n B\u00ecnh, Tp. HCM<\/span><\/p>\n<p><span style=\"font-size: 150%; color: #282828;\"><img loading=\"lazy\" decoding=\"async\" class=\"alignnone wp-image-724\" src=\"http:\/\/hieuanh.id.vn\/wp-content\/uploads\/2025\/07\/Screenshot-2025-07-09-002312.png\" alt=\"\" width=\"20\" height=\"26\" \/> 0999.999.999<\/span><\/p>\n<p><span style=\"font-size: 150%; color: #282828;\"><i class=\"fa fa-qrcode\"><\/i> <img loading=\"lazy\" decoding=\"async\" class=\"alignnone wp-image-719\" src=\"http:\/\/hieuanh.id.vn\/wp-content\/uploads\/2025\/07\/Screenshot-2025-07-09-001516.png\" alt=\"\" width=\"20\" height=\"21\" srcset=\"https:\/\/hieuanh.id.vn\/wp-content\/uploads\/2025\/07\/Screenshot-2025-07-09-001516.png 111w, https:\/\/hieuanh.id.vn\/wp-content\/uploads\/2025\/07\/Screenshot-2025-07-09-001516-100x100.png 100w\" sizes=\"(max-width: 20px) 100vw, 20px\" \/> MST 0102126682<\/span><\/p>\n<p><span style=\"font-size: 150%; color: #282828;\"><i class=\"fa fa-envelope\"><img loading=\"lazy\" decoding=\"async\" class=\"alignnone wp-image-30\" src=\"http:\/\/hieuanh.id.vn\/wp-content\/uploads\/2025\/07\/icon_mail.png\" alt=\"\" width=\"20\" height=\"20\" srcset=\"https:\/\/hieuanh.id.vn\/wp-content\/uploads\/2025\/07\/icon_mail.png 225w, https:\/\/hieuanh.id.vn\/wp-content\/uploads\/2025\/07\/icon_mail-100x100.png 100w\" sizes=\"(max-width: 20px) 100vw, 20px\" \/> <\/i>email@gmail.com<\/span><\/p>\n<p><span style=\"font-size: 150%; color: #282828;\"><i class=\"fa fa-globe\"><img loading=\"lazy\" decoding=\"async\" class=\"alignnone wp-image-721\" src=\"http:\/\/hieuanh.id.vn\/wp-content\/uploads\/2025\/07\/Screenshot-2025-07-09-001901.png\" alt=\"\" width=\"20\" height=\"19\" srcset=\"https:\/\/hieuanh.id.vn\/wp-content\/uploads\/2025\/07\/Screenshot-2025-07-09-001901.png 422w, https:\/\/hieuanh.id.vn\/wp-content\/uploads\/2025\/07\/Screenshot-2025-07-09-001901-300x300.png 300w, https:\/\/hieuanh.id.vn\/wp-content\/uploads\/2025\/07\/Screenshot-2025-07-09-001901-100x100.png 100w\" sizes=\"(max-width: 20px) 100vw, 20px\" \/> <\/i>w.tenweb.vn<\/span><\/p>\n<p><span style=\"font-size: 150%; color: #282828;\"><i class=\"fa fa-facebook-square\"><img loading=\"lazy\" decoding=\"async\" class=\"alignnone wp-image-722\" src=\"http:\/\/hieuanh.id.vn\/wp-content\/uploads\/2025\/07\/Screenshot-2025-07-09-002019.png\" alt=\"\" width=\"20\" height=\"19\" srcset=\"https:\/\/hieuanh.id.vn\/wp-content\/uploads\/2025\/07\/Screenshot-2025-07-09-002019.png 256w, https:\/\/hieuanh.id.vn\/wp-content\/uploads\/2025\/07\/Screenshot-2025-07-09-002019-100x100.png 100w\" sizes=\"(max-width: 20px) 100vw, 20px\" \/> <\/i>facebook.com\/facebook<\/span><\/p>\n\n\t\t<\/div>\n\t\t\t\t\t<\/div>\n\n\t\n\n\t<div id=\"col-1655506723\" class=\"col medium-6 small-12 large-6\"  >\n\t\t\t\t<div class=\"col-inner\"  >\n\t\t\t\n\t\t\t\n\n<p><span style=\"font-size: 150%; color: #282828;\">\u0110\u1ec3 \u0111\u00f3ng g\u00f3p \u00fd ki\u1ebfn v\u1ec1 ch\u1ea5t l\u01b0\u1ee3ng d\u1ecbch v\u1ee5, c\u0169ng nh\u01b0 c\u00f3 nh\u1eefng y\u00eau c\u1ea7u, th\u1eafc m\u1eafc c\u1ea7n \u0111\u01b0\u1ee3c gi\u1ea3i \u0111\u00e1p, xin vui l\u00f2ng \u0111i\u1ec1n v\u00e0o Form sau \u0111\u00e2y v\u00e0 g\u1eedi \u0111\u1ebfn 365 Travel.<\/span><\/p>\n<p><span style=\"font-size: 150%; color: #282828;\">Ngay sau khi nh\u1eadn \u0111\u01b0\u1ee3c th\u00f4ng tin, ch\u00fang t\u00f4i s\u1ebd ph\u1ea3n h\u1ed3i v\u1edbi b\u1ea1n trong th\u1eddi gian s\u1edbm nh\u1ea5t.<\/span><\/p>\n<p><span style=\"font-size: 150%; color: #282828;\">Xin ch\u00e2n th\u00e0nh c\u1ea3m \u01a1n!<\/span><\/p>\n\n\n\n<div class=\"wpcf7 no-js\" id=\"wpcf7-f726-o2\" lang=\"vi\" dir=\"ltr\" data-wpcf7-id=\"726\">\n<div class=\"screen-reader-response\"><p role=\"status\" aria-live=\"polite\" aria-atomic=\"true\"><\/p> <ul><\/ul><\/div>\n<form action=\"\/index.php\/wp-json\/wp\/v2\/pages\/674#wpcf7-f726-o2\" method=\"post\" class=\"wpcf7-form init\" aria-label=\"Form li\u00ean h\u1ec7\" novalidate=\"novalidate\" data-status=\"init\">\n<fieldset class=\"hidden-fields-container\"><input type=\"hidden\" name=\"_wpcf7\" value=\"726\" \/><input type=\"hidden\" name=\"_wpcf7_version\" value=\"6.1\" \/><input type=\"hidden\" name=\"_wpcf7_locale\" value=\"vi\" \/><input type=\"hidden\" name=\"_wpcf7_unit_tag\" value=\"wpcf7-f726-o2\" \/><input type=\"hidden\" name=\"_wpcf7_container_post\" value=\"0\" \/><input type=\"hidden\" name=\"_wpcf7_posted_data_hash\" value=\"\" \/>\n<\/fieldset>\n<p><label> H\u1ecd v\u00e0 t\u00ean<br \/>\n<span class=\"wpcf7-form-control-wrap\" data-name=\"your-name\"><input size=\"40\" maxlength=\"400\" class=\"wpcf7-form-control wpcf7-text wpcf7-validates-as-required\" aria-required=\"true\" aria-invalid=\"false\" placeholder=\"Nh\u1eadp h\u1ecd v\u00e0 t\u00ean\" value=\"\" type=\"text\" name=\"your-name\" \/><\/span> <\/label>\n<\/p>\n<p><label> \u0110i\u1ec7n tho\u1ea1i<br \/>\n<span class=\"wpcf7-form-control-wrap\" data-name=\"your-phone\"><input size=\"40\" maxlength=\"400\" class=\"wpcf7-form-control wpcf7-tel wpcf7-validates-as-required wpcf7-text wpcf7-validates-as-tel\" aria-required=\"true\" aria-invalid=\"false\" placeholder=\"Nh\u1eadp s\u1ed1 \u0111i\u1ec7n tho\u1ea1i\" value=\"\" type=\"tel\" name=\"your-phone\" \/><\/span> <\/label>\n<\/p>\n<p><label> Email<br \/>\n<span class=\"wpcf7-form-control-wrap\" data-name=\"your-email\"><input size=\"40\" maxlength=\"400\" class=\"wpcf7-form-control wpcf7-email wpcf7-validates-as-required wpcf7-text wpcf7-validates-as-email\" aria-required=\"true\" aria-invalid=\"false\" placeholder=\"Nh\u1eadp \u0111\u1ecba ch\u1ec9 email\" value=\"\" type=\"email\" name=\"your-email\" \/><\/span> <\/label>\n<\/p>\n<p><label> \u0110\u1ecba ch\u1ec9<br \/>\n<span class=\"wpcf7-form-control-wrap\" data-name=\"your-address\"><input size=\"40\" maxlength=\"400\" class=\"wpcf7-form-control wpcf7-text\" aria-invalid=\"false\" placeholder=\"Nh\u1eadp \u0111\u1ecba ch\u1ec9\" value=\"\" type=\"text\" name=\"your-address\" \/><\/span> <\/label>\n<\/p>\n<p><label> Ghi ch\u00fa<br \/>\n<span class=\"wpcf7-form-control-wrap\" data-name=\"your-message\"><textarea cols=\"40\" rows=\"10\" maxlength=\"2000\" class=\"wpcf7-form-control wpcf7-textarea\" aria-invalid=\"false\" placeholder=\"Nh\u1eadp n\u1ed9i dung ghi ch\u00fa\" name=\"your-message\"><\/textarea><\/span> <\/label>\n<\/p>\n<p><input class=\"wpcf7-form-control wpcf7-submit has-spinner\" type=\"submit\" value=\"G\u1eecI \u0110I\" \/>\n<\/p><div class=\"wpcf7-response-output\" aria-hidden=\"true\"><\/div>\n<\/form>\n<\/div>\n\n\n\n\t\t<\/div>\n\t\t\t\t\t<\/div>\n\n\t\n\n<\/div>\n\n\t\t<\/div>\n\t\t\t\t\n<style>\n#col-1041778367 > .col-inner {\n  padding: 0px 0px 0px 0px;\n}\n@media (min-width:550px) {\n  #col-1041778367 > .col-inner {\n    padding: 0px 149px 0px 0px;\n  }\n}\n<\/style>\n\t<\/div>\n\n\t\n\n<\/div>\n\n\t\t<\/div>\n\n\t\t\n<style>\n#section_1590263129 {\n  padding-top: 30px;\n  padding-bottom: 30px;\n}\n<\/style>\n\t<\/section>\n\t\n\n","protected":false},"excerpt":{"rendered":"","protected":false},"author":1,"featured_media":0,"parent":0,"menu_order":0,"comment_status":"closed","ping_status":"closed","template":"page-blank.php","meta":{"footnotes":""},"class_list":["post-674","page","type-page","status-publish","hentry"],"_links":{"self":[{"href":"https:\/\/hieuanh.id.vn\/index.php\/wp-json\/wp\/v2\/pages\/674","targetHints":{"allow":["GET"]}}],"collection":[{"href":"https:\/\/hieuanh.id.vn\/index.php\/wp-json\/wp\/v2\/pages"}],"about":[{"href":"https:\/\/hieuanh.id.vn\/index.php\/wp-json\/wp\/v2\/types\/page"}],"author":[{"embeddable":true,"href":"https:\/\/hieuanh.id.vn\/index.php\/wp-json\/wp\/v2\/users\/1"}],"replies":[{"embeddable":true,"href":"https:\/\/hieuanh.id.vn\/index.php\/wp-json\/wp\/v2\/comments?post=674"}],"version-history":[{"count":22,"href":"https:\/\/hieuanh.id.vn\/index.php\/wp-json\/wp\/v2\/pages\/674\/revisions"}],"predecessor-version":[{"id":1393,"href":"https:\/\/hieuanh.id.vn\/index.php\/wp-json\/wp\/v2\/pages\/674\/revisions\/1393"}],"wp:attachment":[{"href":"https:\/\/hieuanh.id.vn\/index.php\/wp-json\/wp\/v2\/media?parent=674"}],"curies":[{"name":"wp","href":"https:\/\/api.w.org\/{rel}","templated":true}]}}